the greatest common divisor of d and 18?
18
Let m be (-18)/24 - 30/(-8). Let t be -2 + m*(-2)/(-3). Suppose t = -5*y + 133 + 47. What is the greatest common factor of 4 and y?
4
Let v(q) = 0*q**2 + 5*q**2 - 10*q**2 - 7*q + 8 + q**3. Let f be v(6). What is the greatest common factor of 10 and f?
2
Let m be (1 + 0)/1 + 7. Let n be (-2)/7 - 92/(-28). Suppose -109 = -n*k + 83. What is the highest common factor of k and m?
8
Let l = 11 + -7. Let r(i) = 2 + i**2 - i**3 - 4*i**2 - 2*i**2. Let m be r(-5). Calculate the greatest common factor of l and m.
2
Let m(t) = -t**2 + 2*t + 1. Let k be m(0). What is the highest common factor of 8 and k?
1
Let x(t) = -2*t + 11. Let d be x(-8). Suppose 0 = -7*l + l + 18. What is the highest common divisor of l and d?
3
Let h be -4*(54/(-8) + 0). Let s = -12 + h. Let g = -6 + 21. What is the highest common divisor of g and s?
15
Let y(c) = -4*c - 2. Let h be y(2). Let j(t) = -1. Let f(z) = -2*z - 10. Let o(b) = f(b) + 3*j(b). Let n be o(h). What is the highest common factor of 14 and n?
7
Suppose -2*c + 5*v = -16, -5*c + 7 + 0 = 4*v. Let b(r) = -r**2 + r + 3. Let n be b(3). Let t be 9*n/(27/(-6)). Calculate the highest common factor of c and t.
3
Let y = -22 - -34. What is the highest common factor of y and 48?
12
Let y be (-4)/(4/1)*-15. Calculate the greatest common divisor of 40 and y.
5
Let n be 0 + 0 + (-36)/(-2). Suppose -3*g = -g - n. Let p = 9 + 63. Calculate the greatest common factor of g and p.
9
Let o(d) = d**3 + 7*d**2 - 15*d + 2. Let t be o(-8). What is the highest common divisor of 87 and t?
29
Suppose -5*d + 64 - 19 = -5*g, -2*d = 5*g + 17. Suppose 5*p = -2*h + 93, 4*p - 3*p = -3*h + 133. Calculate the highest common factor of h and d.
4
Suppose -2*v = 18 + 8. Let m = v + 9. Let q be (-39)/m - 1/(-4). What is the greatest common divisor of 4 and q?
2
Let z(s) = -s**2 + 11*s + 4. Let f be z(6). Suppose -5*t + f = -26. Calculate the highest common divisor of t and 18.
6
Suppose 3*n = 6 + 6. Let v(q) = 2*q + 4. Let o be v(n). What is the greatest common divisor of 24 and o?
12
Let r = -15 - -24. Calculate the highest common divisor of 54 and r.
9
Let a be (0 + 3)*32/6. Let i(h) = h**2 + 19*h + 48. Let p be i(-19). What is the highest common factor of a and p?
16
Let y(g) = 11*g**3 - 3*g**2 + 1. Let b be 16/10 - 4/(-10). Let z be y(b). Calculate the highest common factor of 11 and z.
11
Let u be (3 - 2)*(-5)/(-5). Let x(h) = -7*h. Let l be x(-1). What is the greatest common divisor of l and u?
1
Suppose 2*n + 25 = 31. Calculate the highest common divisor of 33 and n.
3
Suppose 0 = 3*z - 3*p, -3*z = z - 5*p. Suppose z = h - 6 - 1. What is the highest common factor of 63 and h?
7
Let h(f) be the second derivative of -f**5/20 + f**3/3 - f**2 - 3*f. Let y be h(-4). Calculate the highest common factor of y and 81.
27
Suppose -4*p - 5*y + 96 = -17, -5*p - 4*y + 130 = 0. What is the highest common divisor of 198 and p?
22
Let q(w) = w**2 - 7*w - 5. Let n be q(9). What is the highest common divisor of n and 52?
13
Let p = 16 - 10. Let k = -128 + 170. What is the highest common divisor of k and p?
6
Let i(t) = -t**2 - 6*t - 2. Let v be i(-4). Suppose -3*l - 5*u = -69, 26 = 5*l + 3*u - 73. Calculate the greatest common factor of l and v.
6
Let u = 205 - 36. What is the greatest common divisor of u and 13?
13
Let c(p) = -2*p. Let r be c(-2). Suppose -4*s = -3*m + 123, -3*s = r*m + 2*s - 195. Calculate the greatest common factor of 9 and m.
9
Let n(x) = 2*x + 6. Suppose -2*g + 6*g - 20 = 0. Let c be n(g). What is the greatest common divisor of 160 and c?
16
Let r(b) = 8*b. Let s be r(5). Let f = 28 - 18. Calculate the greatest common divisor of s and f.
10
Suppose -107 = -4*q + 165. Calculate the greatest common divisor of 34 and q.
34
Let n(h) = h**3 + 7*h**2 + 5*h + 3. Let f be n(-6). Let x be 2/f + 7/9. Calculate the greatest common factor of 7 and x.
1
Let t(m) = m**3 + 9*m**2 + 7*m - 2. Let n be t(-8). What is the greatest common factor of n and 3?
3
Let m be (65/(-26))/((-1)/6). Calculate the greatest common factor of m and 120.
15
Let o be 146/10 + 2/5. Let u = 19 + -14. What is the highest common divisor of o and u?
5
Let h(f) = f**3 + 10*f**2 - 3*f + 8. Let i be h(-6). Suppose -3*m = -3*o + 63, -o - o = -5*m - 54. What is the greatest common divisor of o and i?
17
Suppose 2*r + 0*r = 3*z + 8, -3*z = 2*r + 4. Let q be -3 + r*(-25 + 2). Let p = 38 + q. Calculate the highest common divisor of p and 12.
12
Suppose b = -2, -4*i + b + 244 = -2*i. Let u(k) = -k**3 + 6*k**2 + 18*k - 5. Let z be u(8). Calculate the highest common factor of i and z.
11
Let p(x) = -x - 8. Let q be p(-9). Calculate the greatest common factor of q and 12.
1
Let a = -9 + 12. Calculate the greatest common divisor of 15 and a.
3
Suppose -9 - 2 = -t. Suppose -4*n = -9 - t. Let k = n - 0. What is the greatest common factor of 5 and k?
5
Suppose -3*j - 2*j = 50. Let m be j/((21/(-12))/7). Calculate the greatest common factor of 60 and m.
20
Suppose -5*n = -5*o - 350, 5*n + 2*o - 315 = -0*o. Let z be n - (3 - (2 - 1)). Calculate the greatest common factor of 42 and z.
21
Let j be 2/18 - 2624/(-36). Suppose -j = -o + 116. What is the greatest common factor of 21 and o?
21
Let l(u) = -u**2 - 2*u + 4. Let w(p) = p + 1. Let v be w(-4). Let y be l(v). What is the highest common factor of y and 3?
1
Let o be ((-5)/20)/(3/12). Let h(l) = -5*l**3 - 2*l**2 - l. Let d be h(o). Suppose 3*f = -f + 8. Calculate the highest common factor of f and d.
2
Suppose 0 = 9*i - 15*i + 60. Calculate the highest common divisor of i and 25.
5
Let k be (-2)/4*-166 + 2. Let x = 60 - k. Let i be 5/(-2)*30/x. What is the highest common divisor of i and 15?
3
Suppose 2*h - 7*h - 30 = -4*a, -a - 3*h - 1 = 0. Calculate the greatest common divisor of 1 and a.
1
Suppose 0 = 4*t + 2*z - 120, -150 = -5*t - 0*t - 2*z. Calculate the greatest common factor of 60 and t.
30
Suppose 7*d = 8*d - 32. What is the greatest common factor of d and 80?
16
Suppose 0 = -3*q + 102 - 18. Let o(f) = f**2 - 5*f - 4. Let l be o(6). Suppose -l*r = r - 21. Calculate the greatest common divisor of q and r.
7
Let z be (3*(-20)/35)/((-1)/7). Calculate the greatest common factor of 6 and z.
6
Suppose -2*p + 132 = 2*p. Suppose -2*l + p = -11. Calculate the greatest common divisor of 11 and l.
11
Suppose 4*i - 5*f = 65, 2*i - 9*f + 4*f = 25. Calculate the greatest common factor of 4 and i.
4
Let q(l) = l**3 + 11*l**2 - 15*l - 9. Let h be q(-12). Calculate the highest common divisor of h and 1.
1
Suppose -1 = -w - 2*t, 3*w + 5*t = 14 - 7. Suppose -5*q - 495 = -10*q. Calculate the highest common divisor of w and q.
9
Let n(a) = 11*a - 6*a + 2 - 6*a. Let m be n(-6). Let g be (-2)/5 - 42/(-5). Calculate the highest common factor of m and g.
8
Suppose -145*s = -144*s - 126. What is the greatest common factor of 18 and s?
18
Suppose -o - o + 176 = 0. Suppose 2*r + 0*r - 16 = 0. What is the highest common divisor of r and o?
8
Suppose k - 1 = -0. Let n be (11/1 + 0)*k. Suppose 10 = -6*x + 16*x. What is the greatest common factor of n and x?
1
Suppose 4*t - 17 = 3*f + 5, -3*t + 10 = f. Suppose -2*w = -t*w + 24. Calculate the greatest common divisor of w and 30.
6
Let f(q) = -5*q + 3. Let m be f(-3). Suppose 12 = 4*r + 2*x - m, 10 = 2*x. What is the highest common factor of r and 2?
1
Let l be (-3 - -2)/(-2)*30. Suppose z + 9 = -4*r - 0*r, -4*z - 25 = 5*r. Let n be 107 + (r/(-1) - 3). Calculate the greatest common factor of n and l.
15
Let n(b) = -b**2 + 13*b + 2. Let t be n(11). What is the highest common factor of t and 16?
8
Suppose 0 = 2*z + 2*c - 16, 4*c = z + c - 16. What is the greatest common factor of 190 and z?
10
Let c be (-3)/(-1 - 2) + 21. What is the highest common divisor of c and 2?
2
Suppose -2*o = -3*u + 85, -o - 150 = -5*u + 4*o. Suppose 21 = 3*s - 3*x, -2*x = 3*s - 4*x - u. What is the highest common factor of s and 11?
11
Let v(l) = l**2 - 2*l - 12. Let t be (-4)/(-3)*(-171)/(-38). Let d be v(t). What is the greatest common divisor of d and 60?
12
Suppose -t - 4*t - 700 = 0. Let w = -229 - -129. Let y = w - t. Calculate the highest common divisor of 10 and y.
10
Let p(j) = j**3 - 3*j**2 + 10*j - 14. Let q be p(7). Calculate the highest common divisor of 36 and q.
36
Suppose 3*v = 4*b - 10,